{"id":97,"date":"2022-09-29T15:35:53","date_gmt":"2022-09-29T15:35:53","guid":{"rendered":"https:\/\/lachevre.eu\/?page_id=97"},"modified":"2022-09-29T15:35:53","modified_gmt":"2022-09-29T15:35:53","slug":"les-maladies-de-la-chevre","status":"publish","type":"page","link":"https:\/\/lachevre.eu\/?page_id=97","title":{"rendered":"Les maladies de la ch\u00e8vre"},"content":{"rendered":"\n<figure class=\"wp-block-image size-full is-resized is-style-default\"><img decoding=\"async\" loading=\"lazy\" src=\"https:\/\/lachevre.eu\/wp-content\/uploads\/2022\/09\/Veterinaire-chevre-malade.png\" alt=\"\" class=\"wp-image-91\" width=\"838\" height=\"838\" srcset=\"https:\/\/lachevre.eu\/wp-content\/uploads\/2022\/09\/Veterinaire-chevre-malade.png 1024w, https:\/\/lachevre.eu\/wp-content\/uploads\/2022\/09\/Veterinaire-chevre-malade-300x300.png 300w, https:\/\/lachevre.eu\/wp-content\/uploads\/2022\/09\/Veterinaire-chevre-malade-150x150.png 150w, https:\/\/lachevre.eu\/wp-content\/uploads\/2022\/09\/Veterinaire-chevre-malade-768x768.png 768w\" sizes=\"(max-width: 838px) 100vw, 838px\" \/><figcaption>La plupart de maladie de la ch\u00e8vre sont susceptibles d&rsquo;\u00eatre contagieuses, d&rsquo;o\u00f9 la n\u00e9cessit\u00e9 de rapidement consulter un v\u00e9t\u00e9rinaire si les sympt\u00f4mes persistent.<\/figcaption><\/figure>\n\n\n\n<p>Si vous \u00e9levez des ch\u00e8vres, il est important de conna\u00eetre les maladies auxquelles elles sont susceptibles de faire face et les principaux sympt\u00f4mes de ces pathologies. Dans cet article, nous allons vous pr\u00e9senter les principales maladies de la ch\u00e8vre.<\/p>\n\n\n\n<p>Les principales maladies de la ch\u00e8vre sont :<\/p>\n\n\n\n<ol><li>&#8211; Maladie de la langue bleue<\/li><li>&#8211; P\u00e9ripneumonie<\/li><li>&#8211; Rhinotrach\u00e9ite infectieuse<\/li><li>&#8211; Fi\u00e8vre Q<\/li><li>&#8211; Rage<\/li><li>&#8211; Brucellose<\/li><\/ol>\n\n\n\n<h2 class=\"wp-block-heading\">La maladie de la langue bleue (Fi\u00e8vre catarrhale)<\/h2>\n\n\n\n<p>La maladie de la langue bleue est une maladie virale qui touche les ch\u00e8vres. Elle se transmet par les insectes. Elle est caract\u00e9ris\u00e9e par une inflammation de la langue et des l\u00e8vres, ce qui peut entra\u00eener une perte de poids chez la ch\u00e8vre. Les sympt\u00f4mes comprennent \u00e9galement des diarrh\u00e9es, de la fi\u00e8vre et une perte d&rsquo;app\u00e9tit.<\/p>\n\n\n\n<h2 class=\"wp-block-heading\">La p\u00e9ripneumonie<\/h2>\n\n\n\n<p>La p\u00e9ripneumonie contagieuse caprine est une autre maladie respiratoire fr\u00e9quente chez les ch\u00e8vres. Elle est caus\u00e9e par une bact\u00e9rie et se caract\u00e9rise par une toux, de la fi\u00e8vre, des difficult\u00e9s respiratoires et un manque d&rsquo;app\u00e9tit.<\/p>\n\n\n\n<h2 class=\"wp-block-heading\">La rhinotrach\u00e9ite infectieuse<\/h2>\n\n\n\n<p>La rhinotrach\u00e9ite infectieuse est une maladie virale qui se transmet facilement d&rsquo;une ch\u00e8vre \u00e0 l&rsquo;autre. Les sympt\u00f4mes comprennent de la fi\u00e8vre, des \u00e9coulements nasaux et oculaires, de la toux et des difficult\u00e9s respiratoires. Si vous pensez que votre ch\u00e8vre est atteinte de cette maladie, il est important de contacter un v\u00e9t\u00e9rinaire imm\u00e9diatement.<\/p>\n\n\n\n<h2 class=\"wp-block-heading\">La fi\u00e8vre Q<\/h2>\n\n\n\n<p>La fi\u00e8vre Q est une maladie bact\u00e9rienne qui se transmet par les insectes. Les sympt\u00f4mes comprennent de la fi\u00e8vre, des diarrh\u00e9es, des vomissements, une perte d&rsquo;app\u00e9tit et une faiblesse g\u00e9n\u00e9rale.<\/p>\n\n\n\n<h2 class=\"wp-block-heading\">La rage<\/h2>\n\n\n\n<p>La rage est une maladie virale qui se transmet par les morsures de certains animaux. Les sympt\u00f4mes comprennent de la fi\u00e8vre, des convulsions, de la paralysis et une agressivit\u00e9 accrue.<\/p>\n\n\n\n<h2 class=\"wp-block-heading\">La brucellose<\/h2>\n\n\n\n<p>La brucellose est une maladie bact\u00e9rienne qui se transmet par le contact avec les s\u00e9cr\u00e9tions d&rsquo;animaux malades. Si vous elevez des ch\u00e8vres en troupeau, la brucellose peut vite se transmettre \u00e0 tout votre cheptel. Les sympt\u00f4mes comprennent de la fi\u00e8vre, des douleurs articulaires, des naus\u00e9es et des vomissements.<\/p>\n\n\n\n<p><strong>Il est important de vacciner vos ch\u00e8vres contre ces maladies<\/strong> pour les prot\u00e9ger contre les infections. Consultez votre v\u00e9t\u00e9rinaire pour plus d&rsquo;informations sur les vaccinations appropri\u00e9es \u00e0 votre cheptel.<\/p>\n\n\n\n<p><strong>Pour \u00e9viter la propagation des maladies, il est important de nettoyer et d\u00e9sinfecter r\u00e9guli\u00e8rement les enclos, les abreuvoirs et les aliments pour ch\u00e8vres. En cas d&rsquo;infection, isolez imm\u00e9diatement l&rsquo;animal malade pour emp\u00eacher la propagation de la maladie.<\/strong><\/p>\n\n\n\n<p>En suivant ces conseils, vous serez en mesure de pr\u00e9venir les maladies chez vos ch\u00e8vres et de maintenir votre troupeau en bonne sant\u00e9.<\/p>\n\n\n\n<p>Si vous avez des questions ou des inqui\u00e9tudes concernant la sant\u00e9 de votre cheptel, n&rsquo;h\u00e9sitez pas \u00e0 contacter un v\u00e9t\u00e9rinaire qualifi\u00e9.<\/p>\n\n\n\n<p><em>Cet article est destin\u00e9 \u00e0 fournir des informations g\u00e9n\u00e9rales sur les maladies fr\u00e9quentes chez les ch\u00e8vres. Il ne doit pas \u00eatre utilis\u00e9 pour diagnostiquer ou traiter une maladie chez un animal. Si vous pensez que votre ch\u00e8vre est malade, consultez imm\u00e9diatement un v\u00e9t\u00e9rinaire.<\/em><\/p>\n","protected":false},"excerpt":{"rendered":"<p>Si vous \u00e9levez des ch\u00e8vres, il est important de conna\u00eetre les maladies auxquelles elles sont susceptibles de faire face et les principaux sympt\u00f4mes de ces pathologies. Dans cet article, nous &#8230;<\/p>\n","protected":false},"author":1,"featured_media":0,"parent":0,"menu_order":0,"comment_status":"closed","ping_status":"closed","template":"","meta":{"_mi_skip_tracking":false,"_monsterinsights_sitenote_active":false,"_monsterinsights_sitenote_note":"","_monsterinsights_sitenote_category":0,"footnotes":""},"aioseo_notices":[],"_links":{"self":[{"href":"https:\/\/lachevre.eu\/index.php?rest_route=\/wp\/v2\/pages\/97"}],"collection":[{"href":"https:\/\/lachevre.eu\/index.php?rest_route=\/wp\/v2\/pages"}],"about":[{"href":"https:\/\/lachevre.eu\/index.php?rest_route=\/wp\/v2\/types\/page"}],"author":[{"embeddable":true,"href":"https:\/\/lachevre.eu\/index.php?rest_route=\/wp\/v2\/users\/1"}],"replies":[{"embeddable":true,"href":"https:\/\/lachevre.eu\/index.php?rest_route=%2Fwp%2Fv2%2Fcomments&post=97"}],"version-history":[{"count":1,"href":"https:\/\/lachevre.eu\/index.php?rest_route=\/wp\/v2\/pages\/97\/revisions"}],"predecessor-version":[{"id":99,"href":"https:\/\/lachevre.eu\/index.php?rest_route=\/wp\/v2\/pages\/97\/revisions\/99"}],"wp:attachment":[{"href":"https:\/\/lachevre.eu\/index.php?rest_route=%2Fwp%2Fv2%2Fmedia&parent=97"}],"curies":[{"name":"wp","href":"https:\/\/api.w.org\/{rel}","templated":true}]}}